{"id":635,"date":"2024-03-04T12:28:22","date_gmt":"2024-03-04T12:28:22","guid":{"rendered":"https:\/\/domzdravljabanjaluka.com\/simpozijum\/?page_id=635"},"modified":"2024-03-15T09:11:11","modified_gmt":"2024-03-15T09:11:11","slug":"o-domu-zdravlja","status":"publish","type":"page","link":"https:\/\/domzdravljabanjaluka.com\/simpozijum\/o-domu-zdravlja\/","title":{"rendered":"O domu zdravlja"},"content":{"rendered":"\t\t<div data-elementor-type=\"wp-page\" data-elementor-id=\"635\" class=\"elementor elementor-635\">\n\t\t\t\t\t\t\t<div class=\"elementor-element elementor-element-9fbce56 e-con-full e-flex wpr-particle-no wpr-jarallax-no wpr-parallax-no wpr-sticky-section-no e-con e-parent\" data-id=\"9fbce56\" data-element_type=\"container\" data-settings=\"{&quot;content_width&quot;:&quot;full&quot;,&quot;background_background&quot;:&quot;classic&quot;}\" data-core-v316-plus=\"true\">\n\t\t<div class=\"elementor-element elementor-element-3b3ca9c e-flex e-con-boxed wpr-particle-no wpr-jarallax-no wpr-parallax-no wpr-sticky-section-no e-con e-child\" data-id=\"3b3ca9c\" data-element_type=\"container\" data-settings=\"{&quot;content_width&quot;:&quot;boxed&quot;}\">\n\t\t\t\t\t<div class=\"e-con-inner\">\n\t\t\t\t<div class=\"elementor-element elementor-element-c692ecc elementor-widget elementor-widget-heading\" data-id=\"c692ecc\" data-element_type=\"widget\" data-widget_type=\"heading.default\">\n\t\t\t\t<div class=\"elementor-widget-container\">\n\t\t\t<style>\/*! elementor - v3.16.0 - 17-10-2023 *\/\n.elementor-heading-title{padding:0;margin:0;line-height:1}.elementor-widget-heading .elementor-heading-title[class*=elementor-size-]>a{color:inherit;font-size:inherit;line-height:inherit}.elementor-widget-heading .elementor-heading-title.elementor-size-small{font-size:15px}.elementor-widget-heading .elementor-heading-title.elementor-size-medium{font-size:19px}.elementor-widget-heading .elementor-heading-title.elementor-size-large{font-size:29px}.elementor-widget-heading .elementor-heading-title.elementor-size-xl{font-size:39px}.elementor-widget-heading .elementor-heading-title.elementor-size-xxl{font-size:59px}<\/style><h2 class=\"elementor-heading-title elementor-size-default\">O Domu zdravlja<\/h2>\t\t<\/div>\n\t\t\t\t<\/div>\n\t\t\t\t<div class=\"elementor-element elementor-element-18cdc1c elementor-widget elementor-widget-text-editor\" data-id=\"18cdc1c\" data-element_type=\"widget\" data-widget_type=\"text-editor.default\">\n\t\t\t\t<div class=\"elementor-widget-container\">\n\t\t\t<style>\/*! elementor - v3.16.0 - 17-10-2023 *\/\n.elementor-widget-text-editor.elementor-drop-cap-view-stacked .elementor-drop-cap{background-color:#69727d;color:#fff}.elementor-widget-text-editor.elementor-drop-cap-view-framed .elementor-drop-cap{color:#69727d;border:3px solid;background-color:transparent}.elementor-widget-text-editor:not(.elementor-drop-cap-view-default) .elementor-drop-cap{margin-top:8px}.elementor-widget-text-editor:not(.elementor-drop-cap-view-default) .elementor-drop-cap-letter{width:1em;height:1em}.elementor-widget-text-editor .elementor-drop-cap{float:left;text-align:center;line-height:1;font-size:50px}.elementor-widget-text-editor .elementor-drop-cap-letter{display:inline-block}<\/style>\t\t\t\t<h4 style=\"text-align: center;\">Istorijat Doma zdravlja<\/h4><p>Podaci o pru\u017eanju zdravstvene za\u0161tite, od strane prvog \u0161kolovanog ljekara, na ovom podru\u010dju datiraju jo\u0161 od 1589. godine.<\/p><p>Ve\u0107a koncentracija \u0161kolovanih doktora pominje se u dokumentima iz 1875. godine, a kao istaknuti ljekari navode se Rade Petrovi\u0107, Milan Jovanovi\u0107 Batut i Petar Rico.<\/p><p>Od 1878. godine, na banjalu\u010dkom podru\u010dju, po\u010delo je zakonsko ure\u0111enje zdravstvene za\u0161tite, prvi put u BiH.<\/p><p>Od zdravstvenih ustanova formirane su, tokom vremena, bolnice i apoteke te je tada zapo\u010dela i imunizacija djece protiv velikih boginja, a kasnije I drugih zaraznih bolesti. Tako\u0111e, u tom periodu otvorene su i prve privatne ambulante.<\/p><p>Kao prva savremeno koncipirana javna socijalno \u2013 medicinska i higijenska ustanova, Dom narodnog zdravlja u Banjoj Luci osnovan je 29. decembra 1926. godine, \u00a0Rje\u0161enjem Ministarstva narodnog zdravlja Kraljevine SHS.<\/p><p>Od 1946. do 1974. godine \u201eDom zdravlja\u201c je bio organizaciona jedinica u sastavu tada\u0161njeg Medicinskog centra Banja Luka, u \u010dijem sastavu su postojali i Op\u0161ta bolnica, kao i Higijenski zavod kao prete\u010de dana\u0161njeg Instituta za javno zdravstvo RS. U tom periodu, status pravnog lica je imao samo Medicinski centar.<\/p><p>Godine 1983., zbog Zakona o udru\u017eenom radu i novih podzakonskih akata, de\u0161ava se samoupravna transformacija, na osnovu koje je konstituisana i registrovana RO \u201eKlini\u010dki-medicinski centar\u201c Banja Luka, sa vi\u0161e OOUR-a, me\u0111u kojima i OOUR \u201eDom zdravlja\u201c Banja Luka, sa statusom pravnog lica. Ovakva organizacija je postojala sve do 25.05.1994. godine, kada je konstituisana i registrovana Javna zdravstvena ustanova \u201eDom zdravlja\u201c u Banjoj Luci, pod kojim nazivom i danas posluje i postoji.<\/p><p>Do 1994. godine \u201eDom zdravlja\u201c je do\u017eivio vi\u0161e organizacionih transformacija, prilago\u0111avaju\u0107i se zahtjevima tada va\u017ee\u0107ih zakonskih i podzakonskih akata, a ove transformacije su uglavnom imale karakter statusnih promjena.<\/p><p>Javna zdravstvena ustanova \u201eDom zdravlja\u201c u Banjoj Luci je zdravstvene ustanova u dr\u017eavnoj svojini, od posebnog dru\u0161tvenog interesa, osnovana za podru\u010dje Grada Banja Luka, sa statusom referentne zdravstvene ustanove. Pod ovim nazivom osnovana je 1994. godine, izdvajanjem tada\u0161nje Osnovne organizacije udru\u017eenog rada \u201eDom zdravlja\u201c Banja Luka iz sastava Radne organizacije \u201eKlini\u010dko-medicinski centar\u201c Banja Luka, a na osnovu Odluke Skup\u0161tine Grada Banja Luka o osnivanju \u201eDoma zdravlja\u201c u Banjoj Luci od 25.05.1994. godine.<\/p><p>Javna zdravstvena ustanova \u201cDom zdravlja\u201d u Banjoj Luci je sa svojim kapacitetima najve\u0107i dom zdravlja u Republici Srpskoj i referentna je zdravstvena ustanova za djelatnost koju obavlja.Tako\u0111e je i nastavna i nau\u010dna baza za Medicinski fakultet u Banjoj Luci i Medicinsku \u0161kolu.<\/p><p>Narodna skup\u0161tina Republike Srpske je, na prijedlog Vlade Republike Srpske, 1999. godine donijela Zakon o zdravstvenoj za\u0161titi Republike Srpske u kojem se predvi\u0111a osnivanje porodi\u010dne medicine.<\/p><p>Iza nas su brojne promjene u radu, reforma, poplave i pandemija, ali uprkos svim izazovima, danas je JZU \u201cDom zdravlja\u201d u Banjoj Luci stasao u modernu zdravstvenu ustanovu\u00a0 koja mo\u017ee adekvatno da odgovori svim zadacima koji joj se name\u0107u.<\/p>\t\t\t\t\t\t<\/div>\n\t\t\t\t<\/div>\n\t\t\t\t\t<\/div>\n\t\t\t\t<\/div>\n\t\t\t\t<\/div>\n\t\t\t\t\t\t\t<\/div>\n\t\t","protected":false},"excerpt":{"rendered":"<p>O Domu zdravlja Istorijat Doma zdravlja Podaci o pru\u017eanju zdravstvene za\u0161tite, od strane prvog \u0161kolovanog ljekara, na ovom podru\u010dju datiraju jo\u0161 od 1589. godine. Ve\u0107a koncentracija \u0161kolovanih doktora pominje se u dokumentima iz 1875. godine, a kao istaknuti ljekari navode se Rade Petrovi\u0107, Milan Jovanovi\u0107 Batut i Petar Rico. Od 1878. godine, na banjalu\u010dkom podru\u010dju, [&hellip;]<\/p>\n","protected":false},"author":1,"featured_media":0,"parent":0,"menu_order":0,"comment_status":"closed","ping_status":"closed","template":"elementor_header_footer","meta":{"footnotes":""},"class_list":["post-635","page","type-page","status-publish","hentry"],"_links":{"self":[{"href":"https:\/\/domzdravljabanjaluka.com\/simpozijum\/wp-json\/wp\/v2\/pages\/635","targetHints":{"allow":["GET"]}}],"collection":[{"href":"https:\/\/domzdravljabanjaluka.com\/simpozijum\/wp-json\/wp\/v2\/pages"}],"about":[{"href":"https:\/\/domzdravljabanjaluka.com\/simpozijum\/wp-json\/wp\/v2\/types\/page"}],"author":[{"embeddable":true,"href":"https:\/\/domzdravljabanjaluka.com\/simpozijum\/wp-json\/wp\/v2\/users\/1"}],"replies":[{"embeddable":true,"href":"https:\/\/domzdravljabanjaluka.com\/simpozijum\/wp-json\/wp\/v2\/comments?post=635"}],"version-history":[{"count":13,"href":"https:\/\/domzdravljabanjaluka.com\/simpozijum\/wp-json\/wp\/v2\/pages\/635\/revisions"}],"predecessor-version":[{"id":704,"href":"https:\/\/domzdravljabanjaluka.com\/simpozijum\/wp-json\/wp\/v2\/pages\/635\/revisions\/704"}],"wp:attachment":[{"href":"https:\/\/domzdravljabanjaluka.com\/simpozijum\/wp-json\/wp\/v2\/media?parent=635"}],"curies":[{"name":"wp","href":"https:\/\/api.w.org\/{rel}","templated":true}]}}